{"id":3447,"date":"2025-01-17T12:28:38","date_gmt":"2025-01-17T12:28:38","guid":{"rendered":"https:\/\/loja.emmersonstudio.com.br\/home\/produto\/script-xciptv-706-com-painel-gerenciador-de-dns\/"},"modified":"2025-05-10T00:27:45","modified_gmt":"2025-05-10T00:27:45","slug":"copy-de-vendas-para-produtos-digitais","status":"publish","type":"product","link":"https:\/\/loja.emmersonstudio.com.br\/home\/produto\/copy-de-vendas-para-produtos-digitais\/","title":{"rendered":"Copy de Vendas para produtos Digitais"},"content":{"rendered":"<h2 class=\"text-bold\">Descri\u00e7\u00e3o<\/h2>\n<p>Copy de Vendas para produtos Digitais<\/p>\n<div id=\"divDescription\">\n<div class=\"flex-shrink-0 flex flex-col relative items-end\">\n<div class=\"pt-0\">\n<div class=\"gizmo-bot-avatar flex h-8 w-8 items-center justify-center overflow-hidden rounded-full\">\n<div class=\"relative p-1 rounded-sm flex items-center justify-center bg-token-main-surface-primary text-token-text-primary h-8 w-8\"><\/div>\n<\/div>\n<\/div>\n<\/div>\n<div class=\"group\/conversation-turn relative flex w-full min-w-0 flex-col agent-turn\">\n<div class=\"flex-col gap-1 md:gap-3\">\n<div class=\"flex flex-grow flex-col max-w-full\">\n<div class=\"min-h-[20px] text-message flex w-full flex-col items-end gap-2 whitespace-pre-wrap break-words [.text-message+&amp;]:mt-5 overflow-x-auto\">\n<div class=\"flex w-full flex-col gap-1 empty:hidden first:pt-[3px]\">\n<div class=\"markdown prose w-full break-words dark:prose-invert light\">\n<h3><\/h3>\n<p>\ud83c\udf1f\u00a0<strong>Maximize suas Vendas com Nosso Pack de Copys Prontas!<\/strong>\u00a0\ud83c\udf1f<\/p>\n<p>\ud83d\ude80\u00a0<strong>Vire um Mestre das Vendas Online com Textos Persuasivos e Eficientes!<\/strong>\u00a0\ud83d\ude80<\/p>\n<p>Voc\u00ea est\u00e1 cansado de perder tempo criando textos de vendas que n\u00e3o convertem? Temos a solu\u00e7\u00e3o perfeita para voc\u00ea! Apresentamos nosso\u00a0<strong>Pack de Copys Prontas para Produtos Digitais<\/strong>, feito sob medida para alavancar suas vendas e conquistar mais clientes!<\/p>\n<p><strong>Por que escolher nosso pack de copys prontas?<\/strong><\/p>\n<p>\u2705\u00a0<strong>Alta Convers\u00e3o:<\/strong>\u00a0Textos desenvolvidos por especialistas em copywriting para maximizar suas vendas.<\/p>\n<p>\u2705\u00a0<strong>Variedade de Nichos:<\/strong>\u00a0Copys prontas para diversos produtos digitais, desde e-books at\u00e9 cursos online e software.<\/p>\n<p>\u2705\u00a0<strong>F\u00e1cil de Usar:<\/strong>\u00a0Basta copiar e colar! Nossas copys s\u00e3o f\u00e1ceis de adaptar ao seu produto espec\u00edfico.<\/p>\n<p>\u2705\u00a0<strong>Economize Tempo:<\/strong>\u00a0Dedique seu tempo ao que realmente importa enquanto n\u00f3s cuidamos das palavras.<\/p>\n<p>Eleve suas vendas a um novo patamar com nossos textos persuasivos.\u00a0<strong>Garanta j\u00e1 o seu pack de copys prontas e comece a vender mais hoje mesmo!<\/strong><\/p>\n<p>\ud83d\ude80\u00a0<strong>Oferta Exclusiva:<\/strong>\u00a0Pre\u00e7o especial de lan\u00e7amento por tempo limitado. Aproveite agora!<\/p>\n<\/div>\n<p>\ud83d\udd39 <strong data-start=\"463\" data-end=\"502\">Produto Digital &#8211; Download Imediato<\/strong><br data-start=\"502\" data-end=\"505\" \/>Ap\u00f3s a confirma\u00e7\u00e3o do pagamento, o acesso ao material \u00e9 liberado automaticamente.<br data-start=\"588\" data-end=\"591\" \/>Por se tratar de um conte\u00fado 100% digital, <strong data-start=\"636\" data-end=\"724\">n\u00e3o h\u00e1 possibilidade de reembolso em caso de desist\u00eancia ou arrependimento da compra<\/strong>, conforme previsto no C\u00f3digo de Defesa do Consumidor.<\/p>\n<\/div>\n<\/div>\n<\/div>\n<\/div>\n<\/div>\n<\/div>\n","protected":false},"excerpt":{"rendered":"<p><b>Script XCIPTV 706 com Painel Admin<\/b><b> <\/b><\/p>\n<p><b><span style=\"font-size: medium;\">Aten\u00e7\u00e3o: Para utilizar este sistema, \u00e9 necess\u00e1rio ter hospedagem e conhecimento b\u00e1sico.<\/span><\/b><\/p>\n<div id=\"divDescription\">\n<div><span style=\"font-size: medium;\">\u00c9 compat\u00edvel s\u00f3 com telem\u00f3ves tables e TV box Android\u00a0<\/span><\/div>\n<\/div>\n","protected":false},"featured_media":3590,"template":"","meta":{"om_disable_all_campaigns":false,"_monsterinsights_skip_tracking":false,"_monsterinsights_sitenote_active":false,"_monsterinsights_sitenote_note":"","_monsterinsights_sitenote_category":0,"_joinchat":{"telephone":"+5573982066838"}},"product_cat":[191,212,154,173,171,180,136],"product_tag":[],"class_list":{"0":"post-3447","1":"product","2":"type-product","3":"status-publish","4":"has-post-thumbnail","6":"product_cat-chego-agora","7":"product_cat-gerenciador-iptv","8":"product_cat-iptv","9":"product_cat-iptv-php","10":"product_cat-masvendido","11":"product_cat-novidades","12":"product_cat-todos-produtos","14":"first","15":"instock","16":"downloadable","17":"taxable","18":"shipping-taxable","19":"purchasable","20":"product-type-simple"},"aioseo_notices":[],"yoast_head":"<!-- This site is optimized with the Yoast SEO Premium plugin v23.7 (Yoast SEO v23.6) - https:\/\/yoast.com\/wordpress\/plugins\/seo\/ -->\n<title>Copy de Vendas para produtos Digitais - Produtos Digitais<\/title>\n<meta name=\"robots\" content=\"index, follow, max-snippet:-1, max-image-preview:large, max-video-preview:-1\" \/>\n<link rel=\"canonical\" href=\"https:\/\/loja.emmersonstudio.com.br\/home\/produto\/copy-de-vendas-para-produtos-digitais\/\" \/>\n<meta property=\"og:locale\" content=\"pt_BR\" \/>\n<meta property=\"og:type\" content=\"article\" \/>\n<meta property=\"og:title\" content=\"Copy de Vendas para produtos Digitais\" \/>\n<meta property=\"og:description\" content=\"Script XCIPTV 706 com Painel Admin   Aten\u00e7\u00e3o: Para utilizar este sistema, \u00e9 necess\u00e1rio ter hospedagem e conhecimento b\u00e1sico.  \u00c9 compat\u00edvel s\u00f3 com telem\u00f3ves tables e TV box Android\u00a0\" \/>\n<meta property=\"og:url\" content=\"https:\/\/loja.emmersonstudio.com.br\/home\/produto\/copy-de-vendas-para-produtos-digitais\/\" \/>\n<meta property=\"og:site_name\" content=\"Produtos Digitais\" \/>\n<meta property=\"article:modified_time\" content=\"2025-05-10T00:27:45+00:00\" \/>\n<meta property=\"og:image\" content=\"https:\/\/loja.emmersonstudio.com.br\/home\/wp-content\/uploads\/2025\/01\/904787694-copy-de-vendas-para-produtos-digitais-atualizado-2024-WWE1.webp\" \/>\n\t<meta property=\"og:image:width\" content=\"296\" \/>\n\t<meta property=\"og:image:height\" content=\"397\" \/>\n\t<meta property=\"og:image:type\" content=\"image\/webp\" \/>\n<meta name=\"twitter:card\" content=\"summary_large_image\" \/>\n<meta name=\"twitter:label1\" content=\"Est. tempo de leitura\" \/>\n\t<meta name=\"twitter:data1\" content=\"2 minutos\" \/>\n<script type=\"application\/ld+json\" class=\"yoast-schema-graph\">{\"@context\":\"https:\/\/schema.org\",\"@graph\":[{\"@type\":\"WebPage\",\"@id\":\"https:\/\/loja.emmersonstudio.com.br\/home\/produto\/copy-de-vendas-para-produtos-digitais\/\",\"url\":\"https:\/\/loja.emmersonstudio.com.br\/home\/produto\/copy-de-vendas-para-produtos-digitais\/\",\"name\":\"Copy de Vendas para produtos Digitais - Produtos Digitais\",\"isPartOf\":{\"@id\":\"https:\/\/loja.emmersonstudio.com.br\/home\/#website\"},\"primaryImageOfPage\":{\"@id\":\"https:\/\/loja.emmersonstudio.com.br\/home\/produto\/copy-de-vendas-para-produtos-digitais\/#primaryimage\"},\"image\":{\"@id\":\"https:\/\/loja.emmersonstudio.com.br\/home\/produto\/copy-de-vendas-para-produtos-digitais\/#primaryimage\"},\"thumbnailUrl\":\"https:\/\/loja.emmersonstudio.com.br\/home\/wp-content\/uploads\/2025\/01\/904787694-copy-de-vendas-para-produtos-digitais-atualizado-2024-WWE1.webp\",\"datePublished\":\"2025-01-17T12:28:38+00:00\",\"dateModified\":\"2025-05-10T00:27:45+00:00\",\"breadcrumb\":{\"@id\":\"https:\/\/loja.emmersonstudio.com.br\/home\/produto\/copy-de-vendas-para-produtos-digitais\/#breadcrumb\"},\"inLanguage\":\"pt-BR\",\"potentialAction\":[{\"@type\":\"ReadAction\",\"target\":[\"https:\/\/loja.emmersonstudio.com.br\/home\/produto\/copy-de-vendas-para-produtos-digitais\/\"]}]},{\"@type\":\"ImageObject\",\"inLanguage\":\"pt-BR\",\"@id\":\"https:\/\/loja.emmersonstudio.com.br\/home\/produto\/copy-de-vendas-para-produtos-digitais\/#primaryimage\",\"url\":\"https:\/\/loja.emmersonstudio.com.br\/home\/wp-content\/uploads\/2025\/01\/904787694-copy-de-vendas-para-produtos-digitais-atualizado-2024-WWE1.webp\",\"contentUrl\":\"https:\/\/loja.emmersonstudio.com.br\/home\/wp-content\/uploads\/2025\/01\/904787694-copy-de-vendas-para-produtos-digitais-atualizado-2024-WWE1.webp\",\"width\":296,\"height\":397},{\"@type\":\"BreadcrumbList\",\"@id\":\"https:\/\/loja.emmersonstudio.com.br\/home\/produto\/copy-de-vendas-para-produtos-digitais\/#breadcrumb\",\"itemListElement\":[{\"@type\":\"ListItem\",\"position\":1,\"name\":\"Home\",\"item\":\"https:\/\/loja.emmersonstudio.com.br\/home\/\"},{\"@type\":\"ListItem\",\"position\":2,\"name\":\"Loja\",\"item\":\"https:\/\/loja.emmersonstudio.com.br\/home\/loja\/\"},{\"@type\":\"ListItem\",\"position\":3,\"name\":\"Copy de Vendas para produtos Digitais\"}]},{\"@type\":\"WebSite\",\"@id\":\"https:\/\/loja.emmersonstudio.com.br\/home\/#website\",\"url\":\"https:\/\/loja.emmersonstudio.com.br\/home\/\",\"name\":\"LOJA DOS SCRIPTS\",\"description\":\"\",\"publisher\":{\"@id\":\"https:\/\/loja.emmersonstudio.com.br\/home\/#\/schema\/person\/e7a723a212fc0c6c60a0734892d60ac1\"},\"potentialAction\":[{\"@type\":\"SearchAction\",\"target\":{\"@type\":\"EntryPoint\",\"urlTemplate\":\"https:\/\/loja.emmersonstudio.com.br\/home\/?s={search_term_string}\"},\"query-input\":{\"@type\":\"PropertyValueSpecification\",\"valueRequired\":true,\"valueName\":\"search_term_string\"}}],\"inLanguage\":\"pt-BR\"},{\"@type\":[\"Person\",\"Organization\"],\"@id\":\"https:\/\/loja.emmersonstudio.com.br\/home\/#\/schema\/person\/e7a723a212fc0c6c60a0734892d60ac1\",\"name\":\"admin\",\"image\":{\"@type\":\"ImageObject\",\"inLanguage\":\"pt-BR\",\"@id\":\"https:\/\/loja.emmersonstudio.com.br\/home\/#\/schema\/person\/image\/\",\"url\":\"https:\/\/loja.emmersonstudio.com.br\/home\/wp-content\/uploads\/2023\/10\/Design-sem-nome-2.png\",\"contentUrl\":\"https:\/\/loja.emmersonstudio.com.br\/home\/wp-content\/uploads\/2023\/10\/Design-sem-nome-2.png\",\"width\":512,\"height\":250,\"caption\":\"admin\"},\"logo\":{\"@id\":\"https:\/\/loja.emmersonstudio.com.br\/home\/#\/schema\/person\/image\/\"},\"sameAs\":[\"https:\/\/loja.emmersonstudio.com.br\/home\"]}]}<\/script>\n<!-- \/ Yoast SEO Premium plugin. -->","yoast_head_json":{"title":"Copy de Vendas para produtos Digitais - Produtos Digitais","robots":{"index":"index","follow":"follow","max-snippet":"max-snippet:-1","max-image-preview":"max-image-preview:large","max-video-preview":"max-video-preview:-1"},"canonical":"https:\/\/loja.emmersonstudio.com.br\/home\/produto\/copy-de-vendas-para-produtos-digitais\/","og_locale":"pt_BR","og_type":"article","og_title":"Copy de Vendas para produtos Digitais","og_description":"Script XCIPTV 706 com Painel Admin   Aten\u00e7\u00e3o: Para utilizar este sistema, \u00e9 necess\u00e1rio ter hospedagem e conhecimento b\u00e1sico.  \u00c9 compat\u00edvel s\u00f3 com telem\u00f3ves tables e TV box Android\u00a0","og_url":"https:\/\/loja.emmersonstudio.com.br\/home\/produto\/copy-de-vendas-para-produtos-digitais\/","og_site_name":"Produtos Digitais","article_modified_time":"2025-05-10T00:27:45+00:00","og_image":[{"width":296,"height":397,"url":"https:\/\/loja.emmersonstudio.com.br\/home\/wp-content\/uploads\/2025\/01\/904787694-copy-de-vendas-para-produtos-digitais-atualizado-2024-WWE1.webp","type":"image\/webp"}],"twitter_card":"summary_large_image","twitter_misc":{"Est. tempo de leitura":"2 minutos"},"schema":{"@context":"https:\/\/schema.org","@graph":[{"@type":"WebPage","@id":"https:\/\/loja.emmersonstudio.com.br\/home\/produto\/copy-de-vendas-para-produtos-digitais\/","url":"https:\/\/loja.emmersonstudio.com.br\/home\/produto\/copy-de-vendas-para-produtos-digitais\/","name":"Copy de Vendas para produtos Digitais - Produtos Digitais","isPartOf":{"@id":"https:\/\/loja.emmersonstudio.com.br\/home\/#website"},"primaryImageOfPage":{"@id":"https:\/\/loja.emmersonstudio.com.br\/home\/produto\/copy-de-vendas-para-produtos-digitais\/#primaryimage"},"image":{"@id":"https:\/\/loja.emmersonstudio.com.br\/home\/produto\/copy-de-vendas-para-produtos-digitais\/#primaryimage"},"thumbnailUrl":"https:\/\/loja.emmersonstudio.com.br\/home\/wp-content\/uploads\/2025\/01\/904787694-copy-de-vendas-para-produtos-digitais-atualizado-2024-WWE1.webp","datePublished":"2025-01-17T12:28:38+00:00","dateModified":"2025-05-10T00:27:45+00:00","breadcrumb":{"@id":"https:\/\/loja.emmersonstudio.com.br\/home\/produto\/copy-de-vendas-para-produtos-digitais\/#breadcrumb"},"inLanguage":"pt-BR","potentialAction":[{"@type":"ReadAction","target":["https:\/\/loja.emmersonstudio.com.br\/home\/produto\/copy-de-vendas-para-produtos-digitais\/"]}]},{"@type":"ImageObject","inLanguage":"pt-BR","@id":"https:\/\/loja.emmersonstudio.com.br\/home\/produto\/copy-de-vendas-para-produtos-digitais\/#primaryimage","url":"https:\/\/loja.emmersonstudio.com.br\/home\/wp-content\/uploads\/2025\/01\/904787694-copy-de-vendas-para-produtos-digitais-atualizado-2024-WWE1.webp","contentUrl":"https:\/\/loja.emmersonstudio.com.br\/home\/wp-content\/uploads\/2025\/01\/904787694-copy-de-vendas-para-produtos-digitais-atualizado-2024-WWE1.webp","width":296,"height":397},{"@type":"BreadcrumbList","@id":"https:\/\/loja.emmersonstudio.com.br\/home\/produto\/copy-de-vendas-para-produtos-digitais\/#breadcrumb","itemListElement":[{"@type":"ListItem","position":1,"name":"Home","item":"https:\/\/loja.emmersonstudio.com.br\/home\/"},{"@type":"ListItem","position":2,"name":"Loja","item":"https:\/\/loja.emmersonstudio.com.br\/home\/loja\/"},{"@type":"ListItem","position":3,"name":"Copy de Vendas para produtos Digitais"}]},{"@type":"WebSite","@id":"https:\/\/loja.emmersonstudio.com.br\/home\/#website","url":"https:\/\/loja.emmersonstudio.com.br\/home\/","name":"LOJA DOS SCRIPTS","description":"","publisher":{"@id":"https:\/\/loja.emmersonstudio.com.br\/home\/#\/schema\/person\/e7a723a212fc0c6c60a0734892d60ac1"},"potentialAction":[{"@type":"SearchAction","target":{"@type":"EntryPoint","urlTemplate":"https:\/\/loja.emmersonstudio.com.br\/home\/?s={search_term_string}"},"query-input":{"@type":"PropertyValueSpecification","valueRequired":true,"valueName":"search_term_string"}}],"inLanguage":"pt-BR"},{"@type":["Person","Organization"],"@id":"https:\/\/loja.emmersonstudio.com.br\/home\/#\/schema\/person\/e7a723a212fc0c6c60a0734892d60ac1","name":"admin","image":{"@type":"ImageObject","inLanguage":"pt-BR","@id":"https:\/\/loja.emmersonstudio.com.br\/home\/#\/schema\/person\/image\/","url":"https:\/\/loja.emmersonstudio.com.br\/home\/wp-content\/uploads\/2023\/10\/Design-sem-nome-2.png","contentUrl":"https:\/\/loja.emmersonstudio.com.br\/home\/wp-content\/uploads\/2023\/10\/Design-sem-nome-2.png","width":512,"height":250,"caption":"admin"},"logo":{"@id":"https:\/\/loja.emmersonstudio.com.br\/home\/#\/schema\/person\/image\/"},"sameAs":["https:\/\/loja.emmersonstudio.com.br\/home"]}]}},"_links":{"self":[{"href":"https:\/\/loja.emmersonstudio.com.br\/home\/wp-json\/wp\/v2\/product\/3447","targetHints":{"allow":["GET"]}}],"collection":[{"href":"https:\/\/loja.emmersonstudio.com.br\/home\/wp-json\/wp\/v2\/product"}],"about":[{"href":"https:\/\/loja.emmersonstudio.com.br\/home\/wp-json\/wp\/v2\/types\/product"}],"wp:featuredmedia":[{"embeddable":true,"href":"https:\/\/loja.emmersonstudio.com.br\/home\/wp-json\/wp\/v2\/media\/3590"}],"wp:attachment":[{"href":"https:\/\/loja.emmersonstudio.com.br\/home\/wp-json\/wp\/v2\/media?parent=3447"}],"wp:term":[{"taxonomy":"product_cat","embeddable":true,"href":"https:\/\/loja.emmersonstudio.com.br\/home\/wp-json\/wp\/v2\/product_cat?post=3447"},{"taxonomy":"product_tag","embeddable":true,"href":"https:\/\/loja.emmersonstudio.com.br\/home\/wp-json\/wp\/v2\/product_tag?post=3447"}],"curies":[{"name":"wp","href":"https:\/\/api.w.org\/{rel}","templated":true}]}}