{"id":3408,"date":"2025-01-17T12:28:05","date_gmt":"2025-01-17T12:28:05","guid":{"rendered":"https:\/\/loja.emmersonstudio.com.br\/home\/produto\/script-painel-smm-seguidore-curtidas-views\/"},"modified":"2025-01-17T12:28:06","modified_gmt":"2025-01-17T12:28:06","slug":"script-painel-smm-seguidore-curtidas-views","status":"publish","type":"product","link":"https:\/\/loja.emmersonstudio.com.br\/home\/produto\/script-painel-smm-seguidore-curtidas-views\/","title":{"rendered":"Script Painel SMM Seguidore Curtidas Views"},"content":{"rendered":"<ul>\n<li>Script Painel SMM Seguidore Curtidas Views &#8211; Servi\u00e7os Digitais<\/li>\n<li id=\"divDescription\">Script Painel SMM Seguidore Curtidas Views &#8211; Outros\n<div>M\u00f3dulo API comum.<\/p>\n<div>Seus usu\u00e1rios podem conectar seu painel com a API comum mais usada.<\/div>\n<div><\/div>\n<div>m\u00e9dia Tempo de processamento<\/div>\n<div>O sistema calcular\u00e1 automaticamente o tempo m\u00e9dio de processamento com base nos pedidos anteriores.<\/div>\n<div><\/div>\n<div>M\u00faltiplos M\u00e9todos de Pagamento<\/div>\n<div>Os m\u00e9todos de pagamento mais comuns j\u00e1 est\u00e3o integrados e prontos para uso.<\/div>\n<div><\/div>\n<div>Bot\u00e3o de recarga<\/div>\n<div>Voc\u00ea pode ativar o bot\u00e3o de recarga para os pacotes que possuem recarga dispon\u00edvel.<\/div>\n<div><\/div>\n<div>M\u00f3dulo de blog<\/div>\n<div>Voc\u00ea pode escrever postagens de blog para atrair usu\u00e1rios org\u00e2nicos para o seu painel.<\/div>\n<div><\/div>\n<div>M\u00f3dulo de afiliados<\/div>\n<div>Um programa de parceiros para aumentar sua base de clientes.<\/div>\n<div><\/div>\n<div>Caracter\u00edsticas avan\u00e7adas<\/div>\n<div>Pronto para iniciar o painel SMM Vamos come\u00e7ar.<\/div>\n<div>Nosso script \u00e9 leve e aumentar\u00e1 a velocidade do site.<\/div>\n<div><\/div>\n<div>Verificador de saldo<\/div>\n<div>Verifique o saldo da conta do vendedor instantaneamente no painel de administra\u00e7\u00e3o.<\/div>\n<div>\u00a0OBS: Vendo apenas o script, a instala\u00e7\u00e3o e por sua conta.<\/div>\n<\/div>\n<\/li>\n<\/ul>\n","protected":false},"excerpt":{"rendered":"<p>1- Script Painel SMM Seguidore Curtidas Views &#8211; Servi\u00e7os Digitais<\/p>\n<p>2- Script Painel SMM Seguidore Curtidas Views &#8211; Outros<\/p>\n<div id=\"divDescription\">\n<div>3- M\u00f3dulo API comum.<\/p>\n<div>Seus usu\u00e1rios podem conectar seu painel com a API comum mais usada.<\/div>\n<div><\/div>\n<div>4- m\u00e9dia Tempo de processamento<\/div>\n<div>O sistema calcular\u00e1 automaticamente o tempo m\u00e9dio de processamento com base nos pedidos anteriores.<\/div>\n<div><\/div>\n<div>5- M\u00faltiplos M\u00e9todos de Pagamento<\/div>\n<div>Os m\u00e9todos de pagamento mais comuns j\u00e1 est\u00e3o integrados e prontos para uso.<\/div>\n<div><\/div>\n<div>Bot\u00e3o de recarga<\/div>\n<div>Voc\u00ea pode ativar o bot\u00e3o de recarga para os pacotes que possuem recarga dispon\u00edvel.<\/div>\n<div><\/div>\n<div>M\u00f3dulo de blog<\/div>\n<div>Voc\u00ea pode escrever postagens de blog para atrair usu\u00e1rios org\u00e2nicos para o seu painel.<\/div>\n<div><\/div>\n<div>M\u00f3dulo de afiliados<\/div>\n<div>Um programa de parceiros para aumentar sua base de clientes.<\/div>\n<div><\/div>\n<div>Caracter\u00edsticas avan\u00e7adas<\/div>\n<div>Pronto para iniciar o painel SMM Vamos come\u00e7ar.<\/div>\n<div>Nosso script \u00e9 leve e aumentar\u00e1 a velocidade do site.<\/div>\n<div><\/div>\n<div>Verificador de saldo<\/div>\n<div>Verifique o saldo da conta do vendedor instantaneamente no painel de administra\u00e7\u00e3o.<\/div>\n<div>\u00a0OBS: Vendo apenas o script, a instala\u00e7\u00e3o e por sua conta.<\/div>\n<\/div>\n<\/div>\n","protected":false},"featured_media":2893,"template":"","meta":{"om_disable_all_campaigns":false,"_monsterinsights_skip_tracking":false,"_monsterinsights_sitenote_active":false,"_monsterinsights_sitenote_note":"","_monsterinsights_sitenote_category":0,"_joinchat":[]},"product_cat":[155,156,136],"product_tag":[],"class_list":{"0":"post-3408","1":"product","2":"type-product","3":"status-publish","4":"has-post-thumbnail","6":"product_cat-lancamentos","7":"product_cat-servicos","8":"product_cat-todos-produtos","10":"first","11":"instock","12":"taxable","13":"shipping-taxable","14":"purchasable","15":"product-type-simple"},"aioseo_notices":[],"yoast_head":"<!-- This site is optimized with the Yoast SEO Premium plugin v23.7 (Yoast SEO v23.6) - https:\/\/yoast.com\/wordpress\/plugins\/seo\/ -->\n<title>Script Painel SMM Seguidore Curtidas Views - Produtos Digitais<\/title>\n<meta name=\"robots\" content=\"index, follow, max-snippet:-1, max-image-preview:large, max-video-preview:-1\" \/>\n<link rel=\"canonical\" href=\"https:\/\/loja.emmersonstudio.com.br\/home\/produto\/script-painel-smm-seguidore-curtidas-views\/\" \/>\n<meta property=\"og:locale\" content=\"pt_BR\" \/>\n<meta property=\"og:type\" content=\"article\" \/>\n<meta property=\"og:title\" content=\"Script Painel SMM Seguidore Curtidas Views\" \/>\n<meta property=\"og:description\" content=\"1- Script Painel SMM Seguidore Curtidas Views - Servi\u00e7os Digitais  2- Script Painel SMM Seguidore Curtidas Views - Outros  3- M\u00f3dulo API comum. Seus usu\u00e1rios podem conectar seu painel com a API comum mais usada.  4- m\u00e9dia Tempo de processamento O sistema calcular\u00e1 automaticamente o tempo m\u00e9dio de processamento com base nos pedidos anteriores.  5- M\u00faltiplos M\u00e9todos de Pagamento Os m\u00e9todos de pagamento mais comuns j\u00e1 est\u00e3o integrados e prontos para uso.  Bot\u00e3o de recarga Voc\u00ea pode ativar o bot\u00e3o de recarga para os pacotes que possuem recarga dispon\u00edvel.  M\u00f3dulo de blog Voc\u00ea pode escrever postagens de blog para atrair usu\u00e1rios org\u00e2nicos para o seu painel.  M\u00f3dulo de afiliados Um programa de parceiros para aumentar sua base de clientes.  Caracter\u00edsticas avan\u00e7adas Pronto para iniciar o painel SMM Vamos come\u00e7ar. Nosso script \u00e9 leve e aumentar\u00e1 a velocidade do site.  Verificador de saldo Verifique o saldo da conta do vendedor instantaneamente no painel de administra\u00e7\u00e3o. \u00a0OBS: Vendo apenas o script, a instala\u00e7\u00e3o e por sua conta.\" \/>\n<meta property=\"og:url\" content=\"https:\/\/loja.emmersonstudio.com.br\/home\/produto\/script-painel-smm-seguidore-curtidas-views\/\" \/>\n<meta property=\"og:site_name\" content=\"Produtos Digitais\" \/>\n<meta property=\"article:modified_time\" content=\"2025-01-17T12:28:06+00:00\" \/>\n<meta name=\"twitter:card\" content=\"summary_large_image\" \/>\n<meta name=\"twitter:label1\" content=\"Est. tempo de leitura\" \/>\n\t<meta name=\"twitter:data1\" content=\"1 minuto\" \/>\n<script type=\"application\/ld+json\" class=\"yoast-schema-graph\">{\"@context\":\"https:\/\/schema.org\",\"@graph\":[{\"@type\":\"WebPage\",\"@id\":\"https:\/\/loja.emmersonstudio.com.br\/home\/produto\/script-painel-smm-seguidore-curtidas-views\/\",\"url\":\"https:\/\/loja.emmersonstudio.com.br\/home\/produto\/script-painel-smm-seguidore-curtidas-views\/\",\"name\":\"Script Painel SMM Seguidore Curtidas Views - Produtos Digitais\",\"isPartOf\":{\"@id\":\"https:\/\/loja.emmersonstudio.com.br\/home\/#website\"},\"primaryImageOfPage\":{\"@id\":\"https:\/\/loja.emmersonstudio.com.br\/home\/produto\/script-painel-smm-seguidore-curtidas-views\/#primaryimage\"},\"image\":{\"@id\":\"https:\/\/loja.emmersonstudio.com.br\/home\/produto\/script-painel-smm-seguidore-curtidas-views\/#primaryimage\"},\"thumbnailUrl\":\"https:\/\/loja.emmersonstudio.com.br\/home\/wp-content\/uploads\/2024\/11\/Design-sem-nome-10-1.png\",\"datePublished\":\"2025-01-17T12:28:05+00:00\",\"dateModified\":\"2025-01-17T12:28:06+00:00\",\"breadcrumb\":{\"@id\":\"https:\/\/loja.emmersonstudio.com.br\/home\/produto\/script-painel-smm-seguidore-curtidas-views\/#breadcrumb\"},\"inLanguage\":\"pt-BR\",\"potentialAction\":[{\"@type\":\"ReadAction\",\"target\":[\"https:\/\/loja.emmersonstudio.com.br\/home\/produto\/script-painel-smm-seguidore-curtidas-views\/\"]}]},{\"@type\":\"ImageObject\",\"inLanguage\":\"pt-BR\",\"@id\":\"https:\/\/loja.emmersonstudio.com.br\/home\/produto\/script-painel-smm-seguidore-curtidas-views\/#primaryimage\",\"url\":\"https:\/\/loja.emmersonstudio.com.br\/home\/wp-content\/uploads\/2024\/11\/Design-sem-nome-10-1.png\",\"contentUrl\":\"https:\/\/loja.emmersonstudio.com.br\/home\/wp-content\/uploads\/2024\/11\/Design-sem-nome-10-1.png\",\"width\":800,\"height\":700},{\"@type\":\"BreadcrumbList\",\"@id\":\"https:\/\/loja.emmersonstudio.com.br\/home\/produto\/script-painel-smm-seguidore-curtidas-views\/#breadcrumb\",\"itemListElement\":[{\"@type\":\"ListItem\",\"position\":1,\"name\":\"Home\",\"item\":\"https:\/\/loja.emmersonstudio.com.br\/home\/\"},{\"@type\":\"ListItem\",\"position\":2,\"name\":\"Loja\",\"item\":\"https:\/\/loja.emmersonstudio.com.br\/home\/loja\/\"},{\"@type\":\"ListItem\",\"position\":3,\"name\":\"Script Painel SMM Seguidore Curtidas Views\"}]},{\"@type\":\"WebSite\",\"@id\":\"https:\/\/loja.emmersonstudio.com.br\/home\/#website\",\"url\":\"https:\/\/loja.emmersonstudio.com.br\/home\/\",\"name\":\"LOJA DOS SCRIPTS\",\"description\":\"\",\"publisher\":{\"@id\":\"https:\/\/loja.emmersonstudio.com.br\/home\/#\/schema\/person\/e7a723a212fc0c6c60a0734892d60ac1\"},\"potentialAction\":[{\"@type\":\"SearchAction\",\"target\":{\"@type\":\"EntryPoint\",\"urlTemplate\":\"https:\/\/loja.emmersonstudio.com.br\/home\/?s={search_term_string}\"},\"query-input\":{\"@type\":\"PropertyValueSpecification\",\"valueRequired\":true,\"valueName\":\"search_term_string\"}}],\"inLanguage\":\"pt-BR\"},{\"@type\":[\"Person\",\"Organization\"],\"@id\":\"https:\/\/loja.emmersonstudio.com.br\/home\/#\/schema\/person\/e7a723a212fc0c6c60a0734892d60ac1\",\"name\":\"admin\",\"image\":{\"@type\":\"ImageObject\",\"inLanguage\":\"pt-BR\",\"@id\":\"https:\/\/loja.emmersonstudio.com.br\/home\/#\/schema\/person\/image\/\",\"url\":\"https:\/\/loja.emmersonstudio.com.br\/home\/wp-content\/uploads\/2023\/10\/Design-sem-nome-2.png\",\"contentUrl\":\"https:\/\/loja.emmersonstudio.com.br\/home\/wp-content\/uploads\/2023\/10\/Design-sem-nome-2.png\",\"width\":512,\"height\":250,\"caption\":\"admin\"},\"logo\":{\"@id\":\"https:\/\/loja.emmersonstudio.com.br\/home\/#\/schema\/person\/image\/\"},\"sameAs\":[\"https:\/\/loja.emmersonstudio.com.br\/home\"]}]}<\/script>\n<!-- \/ Yoast SEO Premium plugin. -->","yoast_head_json":{"title":"Script Painel SMM Seguidore Curtidas Views - Produtos Digitais","robots":{"index":"index","follow":"follow","max-snippet":"max-snippet:-1","max-image-preview":"max-image-preview:large","max-video-preview":"max-video-preview:-1"},"canonical":"https:\/\/loja.emmersonstudio.com.br\/home\/produto\/script-painel-smm-seguidore-curtidas-views\/","og_locale":"pt_BR","og_type":"article","og_title":"Script Painel SMM Seguidore Curtidas Views","og_description":"1- Script Painel SMM Seguidore Curtidas Views - Servi\u00e7os Digitais  2- Script Painel SMM Seguidore Curtidas Views - Outros  3- M\u00f3dulo API comum. Seus usu\u00e1rios podem conectar seu painel com a API comum mais usada.  4- m\u00e9dia Tempo de processamento O sistema calcular\u00e1 automaticamente o tempo m\u00e9dio de processamento com base nos pedidos anteriores.  5- M\u00faltiplos M\u00e9todos de Pagamento Os m\u00e9todos de pagamento mais comuns j\u00e1 est\u00e3o integrados e prontos para uso.  Bot\u00e3o de recarga Voc\u00ea pode ativar o bot\u00e3o de recarga para os pacotes que possuem recarga dispon\u00edvel.  M\u00f3dulo de blog Voc\u00ea pode escrever postagens de blog para atrair usu\u00e1rios org\u00e2nicos para o seu painel.  M\u00f3dulo de afiliados Um programa de parceiros para aumentar sua base de clientes.  Caracter\u00edsticas avan\u00e7adas Pronto para iniciar o painel SMM Vamos come\u00e7ar. Nosso script \u00e9 leve e aumentar\u00e1 a velocidade do site.  Verificador de saldo Verifique o saldo da conta do vendedor instantaneamente no painel de administra\u00e7\u00e3o. \u00a0OBS: Vendo apenas o script, a instala\u00e7\u00e3o e por sua conta.","og_url":"https:\/\/loja.emmersonstudio.com.br\/home\/produto\/script-painel-smm-seguidore-curtidas-views\/","og_site_name":"Produtos Digitais","article_modified_time":"2025-01-17T12:28:06+00:00","twitter_card":"summary_large_image","twitter_misc":{"Est. tempo de leitura":"1 minuto"},"schema":{"@context":"https:\/\/schema.org","@graph":[{"@type":"WebPage","@id":"https:\/\/loja.emmersonstudio.com.br\/home\/produto\/script-painel-smm-seguidore-curtidas-views\/","url":"https:\/\/loja.emmersonstudio.com.br\/home\/produto\/script-painel-smm-seguidore-curtidas-views\/","name":"Script Painel SMM Seguidore Curtidas Views - Produtos Digitais","isPartOf":{"@id":"https:\/\/loja.emmersonstudio.com.br\/home\/#website"},"primaryImageOfPage":{"@id":"https:\/\/loja.emmersonstudio.com.br\/home\/produto\/script-painel-smm-seguidore-curtidas-views\/#primaryimage"},"image":{"@id":"https:\/\/loja.emmersonstudio.com.br\/home\/produto\/script-painel-smm-seguidore-curtidas-views\/#primaryimage"},"thumbnailUrl":"https:\/\/loja.emmersonstudio.com.br\/home\/wp-content\/uploads\/2024\/11\/Design-sem-nome-10-1.png","datePublished":"2025-01-17T12:28:05+00:00","dateModified":"2025-01-17T12:28:06+00:00","breadcrumb":{"@id":"https:\/\/loja.emmersonstudio.com.br\/home\/produto\/script-painel-smm-seguidore-curtidas-views\/#breadcrumb"},"inLanguage":"pt-BR","potentialAction":[{"@type":"ReadAction","target":["https:\/\/loja.emmersonstudio.com.br\/home\/produto\/script-painel-smm-seguidore-curtidas-views\/"]}]},{"@type":"ImageObject","inLanguage":"pt-BR","@id":"https:\/\/loja.emmersonstudio.com.br\/home\/produto\/script-painel-smm-seguidore-curtidas-views\/#primaryimage","url":"https:\/\/loja.emmersonstudio.com.br\/home\/wp-content\/uploads\/2024\/11\/Design-sem-nome-10-1.png","contentUrl":"https:\/\/loja.emmersonstudio.com.br\/home\/wp-content\/uploads\/2024\/11\/Design-sem-nome-10-1.png","width":800,"height":700},{"@type":"BreadcrumbList","@id":"https:\/\/loja.emmersonstudio.com.br\/home\/produto\/script-painel-smm-seguidore-curtidas-views\/#breadcrumb","itemListElement":[{"@type":"ListItem","position":1,"name":"Home","item":"https:\/\/loja.emmersonstudio.com.br\/home\/"},{"@type":"ListItem","position":2,"name":"Loja","item":"https:\/\/loja.emmersonstudio.com.br\/home\/loja\/"},{"@type":"ListItem","position":3,"name":"Script Painel SMM Seguidore Curtidas Views"}]},{"@type":"WebSite","@id":"https:\/\/loja.emmersonstudio.com.br\/home\/#website","url":"https:\/\/loja.emmersonstudio.com.br\/home\/","name":"LOJA DOS SCRIPTS","description":"","publisher":{"@id":"https:\/\/loja.emmersonstudio.com.br\/home\/#\/schema\/person\/e7a723a212fc0c6c60a0734892d60ac1"},"potentialAction":[{"@type":"SearchAction","target":{"@type":"EntryPoint","urlTemplate":"https:\/\/loja.emmersonstudio.com.br\/home\/?s={search_term_string}"},"query-input":{"@type":"PropertyValueSpecification","valueRequired":true,"valueName":"search_term_string"}}],"inLanguage":"pt-BR"},{"@type":["Person","Organization"],"@id":"https:\/\/loja.emmersonstudio.com.br\/home\/#\/schema\/person\/e7a723a212fc0c6c60a0734892d60ac1","name":"admin","image":{"@type":"ImageObject","inLanguage":"pt-BR","@id":"https:\/\/loja.emmersonstudio.com.br\/home\/#\/schema\/person\/image\/","url":"https:\/\/loja.emmersonstudio.com.br\/home\/wp-content\/uploads\/2023\/10\/Design-sem-nome-2.png","contentUrl":"https:\/\/loja.emmersonstudio.com.br\/home\/wp-content\/uploads\/2023\/10\/Design-sem-nome-2.png","width":512,"height":250,"caption":"admin"},"logo":{"@id":"https:\/\/loja.emmersonstudio.com.br\/home\/#\/schema\/person\/image\/"},"sameAs":["https:\/\/loja.emmersonstudio.com.br\/home"]}]}},"_links":{"self":[{"href":"https:\/\/loja.emmersonstudio.com.br\/home\/wp-json\/wp\/v2\/product\/3408","targetHints":{"allow":["GET"]}}],"collection":[{"href":"https:\/\/loja.emmersonstudio.com.br\/home\/wp-json\/wp\/v2\/product"}],"about":[{"href":"https:\/\/loja.emmersonstudio.com.br\/home\/wp-json\/wp\/v2\/types\/product"}],"wp:featuredmedia":[{"embeddable":true,"href":"https:\/\/loja.emmersonstudio.com.br\/home\/wp-json\/wp\/v2\/media\/2893"}],"wp:attachment":[{"href":"https:\/\/loja.emmersonstudio.com.br\/home\/wp-json\/wp\/v2\/media?parent=3408"}],"wp:term":[{"taxonomy":"product_cat","embeddable":true,"href":"https:\/\/loja.emmersonstudio.com.br\/home\/wp-json\/wp\/v2\/product_cat?post=3408"},{"taxonomy":"product_tag","embeddable":true,"href":"https:\/\/loja.emmersonstudio.com.br\/home\/wp-json\/wp\/v2\/product_tag?post=3408"}],"curies":[{"name":"wp","href":"https:\/\/api.w.org\/{rel}","templated":true}]}}