{"id":3401,"date":"2025-01-17T12:27:59","date_gmt":"2025-01-17T12:27:59","guid":{"rendered":"https:\/\/loja.emmersonstudio.com.br\/home\/produto\/site-expresso-10-scripts-de-sites-prontos-com-painel-adm\/"},"modified":"2025-01-17T12:28:00","modified_gmt":"2025-01-17T12:28:00","slug":"site-expresso-10-scripts-de-sites-prontos-com-painel-adm","status":"publish","type":"product","link":"https:\/\/loja.emmersonstudio.com.br\/home\/produto\/site-expresso-10-scripts-de-sites-prontos-com-painel-adm\/","title":{"rendered":"Site Expresso \u2013 10 Scripts de Sites Prontos com Painel ADM"},"content":{"rendered":"<div id=\"divDescription\">\n<div>\n<p><strong>Ao adquirir o pack para Sites Prontos, voc\u00ea ter\u00e1 acesso a:<\/strong><\/p>\n<ul>\n<li><strong>10 Scripts Prontos com Layouts Responsivos<\/strong><\/li>\n<li><strong>Guia de Instala\u00e7\u00e3o<\/strong><\/li>\n<li><strong>Suporte e Atualiza\u00e7\u00f5es Gratuitas por 12 Meses<\/strong><\/li>\n<\/ul>\n<p><strong>Ademais<\/strong>, \u00e9 importante que se tenha ci\u00eancia de que este produto \u00e9 digital e validado. \u00a0<strong>Por favor<\/strong>, compre apenas se houver conhecimento e certeza sobre a decis\u00e3o.<\/p>\n<\/div>\n<div><\/div>\n<\/div>\n","protected":false},"excerpt":{"rendered":"<ul>\n<li>Scripts de Sites Prontos<\/li>\n<li>Painel Administrativo<\/li>\n<li>Sites Responsivos<\/li>\n<li>Desenvolvimento Web<\/li>\n<li>SEO Integrado<\/li>\n<li>Gerenciamento de Conte\u00fado<\/li>\n<li>Templates de Sites<\/li>\n<\/ul>\n","protected":false},"featured_media":3000,"template":"","meta":{"om_disable_all_campaigns":false,"_monsterinsights_skip_tracking":false,"_monsterinsights_sitenote_active":false,"_monsterinsights_sitenote_note":"","_monsterinsights_sitenote_category":0,"_joinchat":[]},"product_cat":[155,171,150,136],"product_tag":[],"class_list":{"0":"post-3401","1":"product","2":"type-product","3":"status-publish","4":"has-post-thumbnail","6":"product_cat-lancamentos","7":"product_cat-masvendido","8":"product_cat-packs-completos","9":"product_cat-todos-produtos","11":"first","12":"instock","13":"taxable","14":"shipping-taxable","15":"purchasable","16":"product-type-simple"},"aioseo_notices":[],"yoast_head":"<!-- This site is optimized with the Yoast SEO Premium plugin v23.7 (Yoast SEO v23.6) - https:\/\/yoast.com\/wordpress\/plugins\/seo\/ -->\n<title>Site Expresso \u2013 10 Scripts de Sites Prontos com Painel ADM - Produtos Digitais<\/title>\n<meta name=\"robots\" content=\"index, follow, max-snippet:-1, max-image-preview:large, max-video-preview:-1\" \/>\n<link rel=\"canonical\" href=\"https:\/\/loja.emmersonstudio.com.br\/home\/produto\/site-expresso-10-scripts-de-sites-prontos-com-painel-adm\/\" \/>\n<meta property=\"og:locale\" content=\"pt_BR\" \/>\n<meta property=\"og:type\" content=\"article\" \/>\n<meta property=\"og:title\" content=\"Site Expresso \u2013 10 Scripts de Sites Prontos com Painel ADM\" \/>\n<meta property=\"og:description\" content=\"Scripts de Sites Prontos  Painel Administrativo  Sites Responsivos  Desenvolvimento Web  SEO Integrado  Gerenciamento de Conte\u00fado  Templates de Sites\" \/>\n<meta property=\"og:url\" content=\"https:\/\/loja.emmersonstudio.com.br\/home\/produto\/site-expresso-10-scripts-de-sites-prontos-com-painel-adm\/\" \/>\n<meta property=\"og:site_name\" content=\"Produtos Digitais\" \/>\n<meta property=\"article:modified_time\" content=\"2025-01-17T12:28:00+00:00\" \/>\n<meta name=\"twitter:card\" content=\"summary_large_image\" \/>\n<script type=\"application\/ld+json\" class=\"yoast-schema-graph\">{\"@context\":\"https:\/\/schema.org\",\"@graph\":[{\"@type\":\"WebPage\",\"@id\":\"https:\/\/loja.emmersonstudio.com.br\/home\/produto\/site-expresso-10-scripts-de-sites-prontos-com-painel-adm\/\",\"url\":\"https:\/\/loja.emmersonstudio.com.br\/home\/produto\/site-expresso-10-scripts-de-sites-prontos-com-painel-adm\/\",\"name\":\"Site Expresso \u2013 10 Scripts de Sites Prontos com Painel ADM - Produtos Digitais\",\"isPartOf\":{\"@id\":\"https:\/\/loja.emmersonstudio.com.br\/home\/#website\"},\"primaryImageOfPage\":{\"@id\":\"https:\/\/loja.emmersonstudio.com.br\/home\/produto\/site-expresso-10-scripts-de-sites-prontos-com-painel-adm\/#primaryimage\"},\"image\":{\"@id\":\"https:\/\/loja.emmersonstudio.com.br\/home\/produto\/site-expresso-10-scripts-de-sites-prontos-com-painel-adm\/#primaryimage\"},\"thumbnailUrl\":\"https:\/\/loja.emmersonstudio.com.br\/home\/wp-content\/uploads\/2024\/11\/Design-sem-nome-9-2.png\",\"datePublished\":\"2025-01-17T12:27:59+00:00\",\"dateModified\":\"2025-01-17T12:28:00+00:00\",\"breadcrumb\":{\"@id\":\"https:\/\/loja.emmersonstudio.com.br\/home\/produto\/site-expresso-10-scripts-de-sites-prontos-com-painel-adm\/#breadcrumb\"},\"inLanguage\":\"pt-BR\",\"potentialAction\":[{\"@type\":\"ReadAction\",\"target\":[\"https:\/\/loja.emmersonstudio.com.br\/home\/produto\/site-expresso-10-scripts-de-sites-prontos-com-painel-adm\/\"]}]},{\"@type\":\"ImageObject\",\"inLanguage\":\"pt-BR\",\"@id\":\"https:\/\/loja.emmersonstudio.com.br\/home\/produto\/site-expresso-10-scripts-de-sites-prontos-com-painel-adm\/#primaryimage\",\"url\":\"https:\/\/loja.emmersonstudio.com.br\/home\/wp-content\/uploads\/2024\/11\/Design-sem-nome-9-2.png\",\"contentUrl\":\"https:\/\/loja.emmersonstudio.com.br\/home\/wp-content\/uploads\/2024\/11\/Design-sem-nome-9-2.png\",\"width\":800,\"height\":700},{\"@type\":\"BreadcrumbList\",\"@id\":\"https:\/\/loja.emmersonstudio.com.br\/home\/produto\/site-expresso-10-scripts-de-sites-prontos-com-painel-adm\/#breadcrumb\",\"itemListElement\":[{\"@type\":\"ListItem\",\"position\":1,\"name\":\"Home\",\"item\":\"https:\/\/loja.emmersonstudio.com.br\/home\/\"},{\"@type\":\"ListItem\",\"position\":2,\"name\":\"Loja\",\"item\":\"https:\/\/loja.emmersonstudio.com.br\/home\/loja\/\"},{\"@type\":\"ListItem\",\"position\":3,\"name\":\"Site Expresso \u2013 10 Scripts de Sites Prontos com Painel ADM\"}]},{\"@type\":\"WebSite\",\"@id\":\"https:\/\/loja.emmersonstudio.com.br\/home\/#website\",\"url\":\"https:\/\/loja.emmersonstudio.com.br\/home\/\",\"name\":\"LOJA DOS SCRIPTS\",\"description\":\"\",\"publisher\":{\"@id\":\"https:\/\/loja.emmersonstudio.com.br\/home\/#\/schema\/person\/e7a723a212fc0c6c60a0734892d60ac1\"},\"potentialAction\":[{\"@type\":\"SearchAction\",\"target\":{\"@type\":\"EntryPoint\",\"urlTemplate\":\"https:\/\/loja.emmersonstudio.com.br\/home\/?s={search_term_string}\"},\"query-input\":{\"@type\":\"PropertyValueSpecification\",\"valueRequired\":true,\"valueName\":\"search_term_string\"}}],\"inLanguage\":\"pt-BR\"},{\"@type\":[\"Person\",\"Organization\"],\"@id\":\"https:\/\/loja.emmersonstudio.com.br\/home\/#\/schema\/person\/e7a723a212fc0c6c60a0734892d60ac1\",\"name\":\"admin\",\"image\":{\"@type\":\"ImageObject\",\"inLanguage\":\"pt-BR\",\"@id\":\"https:\/\/loja.emmersonstudio.com.br\/home\/#\/schema\/person\/image\/\",\"url\":\"https:\/\/loja.emmersonstudio.com.br\/home\/wp-content\/uploads\/2023\/10\/Design-sem-nome-2.png\",\"contentUrl\":\"https:\/\/loja.emmersonstudio.com.br\/home\/wp-content\/uploads\/2023\/10\/Design-sem-nome-2.png\",\"width\":512,\"height\":250,\"caption\":\"admin\"},\"logo\":{\"@id\":\"https:\/\/loja.emmersonstudio.com.br\/home\/#\/schema\/person\/image\/\"},\"sameAs\":[\"https:\/\/loja.emmersonstudio.com.br\/home\"]}]}<\/script>\n<!-- \/ Yoast SEO Premium plugin. -->","yoast_head_json":{"title":"Site Expresso \u2013 10 Scripts de Sites Prontos com Painel ADM - Produtos Digitais","robots":{"index":"index","follow":"follow","max-snippet":"max-snippet:-1","max-image-preview":"max-image-preview:large","max-video-preview":"max-video-preview:-1"},"canonical":"https:\/\/loja.emmersonstudio.com.br\/home\/produto\/site-expresso-10-scripts-de-sites-prontos-com-painel-adm\/","og_locale":"pt_BR","og_type":"article","og_title":"Site Expresso \u2013 10 Scripts de Sites Prontos com Painel ADM","og_description":"Scripts de Sites Prontos  Painel Administrativo  Sites Responsivos  Desenvolvimento Web  SEO Integrado  Gerenciamento de Conte\u00fado  Templates de Sites","og_url":"https:\/\/loja.emmersonstudio.com.br\/home\/produto\/site-expresso-10-scripts-de-sites-prontos-com-painel-adm\/","og_site_name":"Produtos Digitais","article_modified_time":"2025-01-17T12:28:00+00:00","twitter_card":"summary_large_image","schema":{"@context":"https:\/\/schema.org","@graph":[{"@type":"WebPage","@id":"https:\/\/loja.emmersonstudio.com.br\/home\/produto\/site-expresso-10-scripts-de-sites-prontos-com-painel-adm\/","url":"https:\/\/loja.emmersonstudio.com.br\/home\/produto\/site-expresso-10-scripts-de-sites-prontos-com-painel-adm\/","name":"Site Expresso \u2013 10 Scripts de Sites Prontos com Painel ADM - Produtos Digitais","isPartOf":{"@id":"https:\/\/loja.emmersonstudio.com.br\/home\/#website"},"primaryImageOfPage":{"@id":"https:\/\/loja.emmersonstudio.com.br\/home\/produto\/site-expresso-10-scripts-de-sites-prontos-com-painel-adm\/#primaryimage"},"image":{"@id":"https:\/\/loja.emmersonstudio.com.br\/home\/produto\/site-expresso-10-scripts-de-sites-prontos-com-painel-adm\/#primaryimage"},"thumbnailUrl":"https:\/\/loja.emmersonstudio.com.br\/home\/wp-content\/uploads\/2024\/11\/Design-sem-nome-9-2.png","datePublished":"2025-01-17T12:27:59+00:00","dateModified":"2025-01-17T12:28:00+00:00","breadcrumb":{"@id":"https:\/\/loja.emmersonstudio.com.br\/home\/produto\/site-expresso-10-scripts-de-sites-prontos-com-painel-adm\/#breadcrumb"},"inLanguage":"pt-BR","potentialAction":[{"@type":"ReadAction","target":["https:\/\/loja.emmersonstudio.com.br\/home\/produto\/site-expresso-10-scripts-de-sites-prontos-com-painel-adm\/"]}]},{"@type":"ImageObject","inLanguage":"pt-BR","@id":"https:\/\/loja.emmersonstudio.com.br\/home\/produto\/site-expresso-10-scripts-de-sites-prontos-com-painel-adm\/#primaryimage","url":"https:\/\/loja.emmersonstudio.com.br\/home\/wp-content\/uploads\/2024\/11\/Design-sem-nome-9-2.png","contentUrl":"https:\/\/loja.emmersonstudio.com.br\/home\/wp-content\/uploads\/2024\/11\/Design-sem-nome-9-2.png","width":800,"height":700},{"@type":"BreadcrumbList","@id":"https:\/\/loja.emmersonstudio.com.br\/home\/produto\/site-expresso-10-scripts-de-sites-prontos-com-painel-adm\/#breadcrumb","itemListElement":[{"@type":"ListItem","position":1,"name":"Home","item":"https:\/\/loja.emmersonstudio.com.br\/home\/"},{"@type":"ListItem","position":2,"name":"Loja","item":"https:\/\/loja.emmersonstudio.com.br\/home\/loja\/"},{"@type":"ListItem","position":3,"name":"Site Expresso \u2013 10 Scripts de Sites Prontos com Painel ADM"}]},{"@type":"WebSite","@id":"https:\/\/loja.emmersonstudio.com.br\/home\/#website","url":"https:\/\/loja.emmersonstudio.com.br\/home\/","name":"LOJA DOS SCRIPTS","description":"","publisher":{"@id":"https:\/\/loja.emmersonstudio.com.br\/home\/#\/schema\/person\/e7a723a212fc0c6c60a0734892d60ac1"},"potentialAction":[{"@type":"SearchAction","target":{"@type":"EntryPoint","urlTemplate":"https:\/\/loja.emmersonstudio.com.br\/home\/?s={search_term_string}"},"query-input":{"@type":"PropertyValueSpecification","valueRequired":true,"valueName":"search_term_string"}}],"inLanguage":"pt-BR"},{"@type":["Person","Organization"],"@id":"https:\/\/loja.emmersonstudio.com.br\/home\/#\/schema\/person\/e7a723a212fc0c6c60a0734892d60ac1","name":"admin","image":{"@type":"ImageObject","inLanguage":"pt-BR","@id":"https:\/\/loja.emmersonstudio.com.br\/home\/#\/schema\/person\/image\/","url":"https:\/\/loja.emmersonstudio.com.br\/home\/wp-content\/uploads\/2023\/10\/Design-sem-nome-2.png","contentUrl":"https:\/\/loja.emmersonstudio.com.br\/home\/wp-content\/uploads\/2023\/10\/Design-sem-nome-2.png","width":512,"height":250,"caption":"admin"},"logo":{"@id":"https:\/\/loja.emmersonstudio.com.br\/home\/#\/schema\/person\/image\/"},"sameAs":["https:\/\/loja.emmersonstudio.com.br\/home"]}]}},"_links":{"self":[{"href":"https:\/\/loja.emmersonstudio.com.br\/home\/wp-json\/wp\/v2\/product\/3401","targetHints":{"allow":["GET"]}}],"collection":[{"href":"https:\/\/loja.emmersonstudio.com.br\/home\/wp-json\/wp\/v2\/product"}],"about":[{"href":"https:\/\/loja.emmersonstudio.com.br\/home\/wp-json\/wp\/v2\/types\/product"}],"wp:featuredmedia":[{"embeddable":true,"href":"https:\/\/loja.emmersonstudio.com.br\/home\/wp-json\/wp\/v2\/media\/3000"}],"wp:attachment":[{"href":"https:\/\/loja.emmersonstudio.com.br\/home\/wp-json\/wp\/v2\/media?parent=3401"}],"wp:term":[{"taxonomy":"product_cat","embeddable":true,"href":"https:\/\/loja.emmersonstudio.com.br\/home\/wp-json\/wp\/v2\/product_cat?post=3401"},{"taxonomy":"product_tag","embeddable":true,"href":"https:\/\/loja.emmersonstudio.com.br\/home\/wp-json\/wp\/v2\/product_tag?post=3401"}],"curies":[{"name":"wp","href":"https:\/\/api.w.org\/{rel}","templated":true}]}}