{"id":3293,"date":"2025-01-17T12:26:33","date_gmt":"2025-01-17T12:26:33","guid":{"rendered":"https:\/\/loja.emmersonstudio.com.br\/home\/produto\/guia-comercial-moderno-cod-3251\/"},"modified":"2025-01-17T12:26:33","modified_gmt":"2025-01-17T12:26:33","slug":"guia-comercial-moderno-cod-3251","status":"publish","type":"product","link":"https:\/\/loja.emmersonstudio.com.br\/home\/produto\/guia-comercial-moderno-cod-3251\/","title":{"rendered":"Guia Comercial Moderno &#8211; COD-3251"},"content":{"rendered":"<p>Sistema Guia Comercial Responsivo Atualizado 2023<br \/>\nTotalmente responsivo, compat\u00edvel com Computadores, Tablets e Celulares.<\/p>\n<p>Ap\u00f3s a instala\u00e7\u00e3o o Guia ficar\u00e1 com todo conte\u00fado da forma que esta em nossa demo, bastando depois somente fazer as modifica\u00e7\u00f5es da forma que quer,<\/p>\n<p>Acompanha Instru\u00e7\u00e3o de instala\u00e7\u00e3o .<\/p>\n<p>Se voc\u00ea tem esp\u00edrito empreendedor ou sonha em ter seu pr\u00f3prio neg\u00f3cio e n\u00e3o tem muito para investir, nosso <strong>Script Guia Comercial Responsivo<\/strong>\u00a0pode ser uma boa oportunidade para come\u00e7ar!<\/p>\n<p>Sistema desenvolvido em WordPress e total flexibilidade de personaliza\u00e7\u00e3o de cores, categorias, localiza\u00e7\u00f5es e muitos mais\u2026 E agora com integra\u00e7\u00e3o ao <strong>Mercado Pago!<\/strong><\/p>\n<p><strong>ALGUMAS OBSERVA\u00c7\u00d5ES DO SISTEMA:<\/strong><br \/>\n\u2013 Integra\u00e7\u00e3o com o Mercado Pago<br \/>\n\u2013 Integra\u00e7\u00e3o com Google Maps<br \/>\n\u2013 Sistema de coment\u00e1rios<br \/>\n\u2013 Contato direto via Whatsapp<br \/>\n\u2013 Classifica\u00e7\u00e3o de Empresas<br \/>\n\u2013 Listas de favoritos<br \/>\n\u2013 Carrossel de Destaque de Empresas por Cidades<br \/>\n\u2013 Pesquisa instant\u00e2nea no cabe\u00e7alho<br \/>\n\u2013 Painel exclusivo do Cliente (Onde o pr\u00f3prio cliente pode cadastrar sua empresa)<br \/>\n\u2013 Slides de Publicidade na pagina principal<br \/>\n\u2013 Totalmente responsivo<br \/>\nE muito mais, confira.<\/p>\n<p><a href=\"https:\/\/centraldosscripts.com.br\/wordpress\/GUIACOMERCIAL\/COD-3251\/\" target=\"_blank\" rel=\"noopener\"><img decoding=\"async\" class=\"size-full wp-image-7237 aligncenter\" src=\"https:\/\/scriptstore.com.br\/wp-content\/uploads\/2022\/05\/btn-demo.png\" alt=\"\" width=\"196\" height=\"81\" \/><\/a><\/p>\n<blockquote>\n<h4>ENTREGA:<\/h4>\n<p>*O Envio do Script \u00e9 feito de forma autom\u00e1tica, para efetuar a compra voc\u00ea precisa se cadastrar em nossa loja, seu produto ser\u00e1 entregue na sua conta ( \u00c1rea do Cliente )<\/p>\n<p>Envio em at\u00e9 5 min ap\u00f3s confirma\u00e7\u00e3o do pagamento pelo banco emissor.<\/p>\n<h4>REEMBOLSO E PERSONALIZA\u00c7\u00c3O:<\/h4>\n<p>&#8211; Por se Tratar de um produto digital n\u00e3o fazemos a devolu\u00e7\u00e3o do pagamento.<br \/>\n&#8211; Este valor n\u00e3o inclui altera\u00e7\u00f5es no Script ou Instala\u00e7\u00e3o.<\/p><\/blockquote>\n","protected":false},"excerpt":{"rendered":"<p>Sistema Guia Comercial Responsivo Atualizado 2023<br \/>\nTotalmente responsivo, compat\u00edvel com Computadores, Tablets e Celulares.<\/p>\n<p>Acompanha V\u00eddeo Aula\u00a0 de instala\u00e7\u00e3o .<\/p>\n<p>Se voc\u00ea tem esp\u00edrito empreendedor ou sonha em ter seu pr\u00f3prio neg\u00f3cio e n\u00e3o tem muito para investir, nosso <strong>Script Guia Comercial Responsivo<\/strong>\u00a0pode ser uma boa oportunidade para come\u00e7ar!<\/p>\n<p>Sistema desenvolvido em WordPress e total flexibilidade de personaliza\u00e7\u00e3o de cores, categorias, localiza\u00e7\u00f5es e muitos mais\u2026 E agora com integra\u00e7\u00e3o ao <strong>Mercado Pago! <\/strong><\/p>\n<p style=\"text-align: center;\"><strong><a href=\"https:\/\/www.youtube.com\/watch?v=wJEkAbd1-yg\" target=\"_blank\" rel=\"noopener\">VER VIDEO<\/a><br \/>\n<\/strong><\/p>\n<p><a href=\"https:\/\/centraldosscripts.com.br\/wordpress\/GUIACOMERCIAL\/COD-3251\/\" target=\"_blank\" rel=\"noopener\"><img decoding=\"async\" class=\"size-full wp-image-7237 aligncenter\" src=\"https:\/\/scriptstore.com.br\/wp-content\/uploads\/2022\/05\/btn-demo.png\" alt=\"\" width=\"196\" height=\"81\" \/><\/a><\/p>\n","protected":false},"featured_media":2628,"template":"","meta":{"om_disable_all_campaigns":false,"_monsterinsights_skip_tracking":false,"_monsterinsights_sitenote_active":false,"_monsterinsights_sitenote_note":"","_monsterinsights_sitenote_category":0,"_joinchat":[]},"product_cat":[152,136],"product_tag":[],"class_list":{"0":"post-3293","1":"product","2":"type-product","3":"status-publish","4":"has-post-thumbnail","6":"product_cat-guia-comercial","7":"product_cat-todos-produtos","9":"first","10":"instock","11":"taxable","12":"shipping-taxable","13":"purchasable","14":"product-type-simple"},"aioseo_notices":[],"yoast_head":"<!-- This site is optimized with the Yoast SEO Premium plugin v23.7 (Yoast SEO v23.6) - https:\/\/yoast.com\/wordpress\/plugins\/seo\/ -->\n<title>Guia Comercial Moderno - COD-3251 - Produtos Digitais<\/title>\n<meta name=\"robots\" content=\"index, follow, max-snippet:-1, max-image-preview:large, max-video-preview:-1\" \/>\n<link rel=\"canonical\" href=\"https:\/\/loja.emmersonstudio.com.br\/home\/produto\/guia-comercial-moderno-cod-3251\/\" \/>\n<meta property=\"og:locale\" content=\"pt_BR\" \/>\n<meta property=\"og:type\" content=\"article\" \/>\n<meta property=\"og:title\" content=\"Guia Comercial Moderno - COD-3251\" \/>\n<meta property=\"og:description\" content=\"Sistema Guia Comercial Responsivo Atualizado 2023 Totalmente responsivo, compat\u00edvel com Computadores, Tablets e Celulares.  Acompanha V\u00eddeo Aula\u00a0 de instala\u00e7\u00e3o .  Se voc\u00ea tem esp\u00edrito empreendedor ou sonha em ter seu pr\u00f3prio neg\u00f3cio e n\u00e3o tem muito para investir, nosso Script Guia Comercial Responsivo\u00a0pode ser uma boa oportunidade para come\u00e7ar!  Sistema desenvolvido em WordPress e total flexibilidade de personaliza\u00e7\u00e3o de cores, categorias, localiza\u00e7\u00f5es e muitos mais\u2026 E agora com integra\u00e7\u00e3o ao Mercado Pago!  VER VIDEO\" \/>\n<meta property=\"og:url\" content=\"https:\/\/loja.emmersonstudio.com.br\/home\/produto\/guia-comercial-moderno-cod-3251\/\" \/>\n<meta property=\"og:site_name\" content=\"Produtos Digitais\" \/>\n<meta name=\"twitter:card\" content=\"summary_large_image\" \/>\n<meta name=\"twitter:label1\" content=\"Est. tempo de leitura\" \/>\n\t<meta name=\"twitter:data1\" content=\"1 minuto\" \/>\n<script type=\"application\/ld+json\" class=\"yoast-schema-graph\">{\"@context\":\"https:\/\/schema.org\",\"@graph\":[{\"@type\":\"WebPage\",\"@id\":\"https:\/\/loja.emmersonstudio.com.br\/home\/produto\/guia-comercial-moderno-cod-3251\/\",\"url\":\"https:\/\/loja.emmersonstudio.com.br\/home\/produto\/guia-comercial-moderno-cod-3251\/\",\"name\":\"Guia Comercial Moderno - COD-3251 - Produtos Digitais\",\"isPartOf\":{\"@id\":\"https:\/\/loja.emmersonstudio.com.br\/home\/#website\"},\"primaryImageOfPage\":{\"@id\":\"https:\/\/loja.emmersonstudio.com.br\/home\/produto\/guia-comercial-moderno-cod-3251\/#primaryimage\"},\"image\":{\"@id\":\"https:\/\/loja.emmersonstudio.com.br\/home\/produto\/guia-comercial-moderno-cod-3251\/#primaryimage\"},\"thumbnailUrl\":\"https:\/\/loja.emmersonstudio.com.br\/home\/wp-content\/uploads\/2024\/11\/guia-comercial-1.jpg\",\"datePublished\":\"2025-01-17T12:26:33+00:00\",\"dateModified\":\"2025-01-17T12:26:33+00:00\",\"breadcrumb\":{\"@id\":\"https:\/\/loja.emmersonstudio.com.br\/home\/produto\/guia-comercial-moderno-cod-3251\/#breadcrumb\"},\"inLanguage\":\"pt-BR\",\"potentialAction\":[{\"@type\":\"ReadAction\",\"target\":[\"https:\/\/loja.emmersonstudio.com.br\/home\/produto\/guia-comercial-moderno-cod-3251\/\"]}]},{\"@type\":\"ImageObject\",\"inLanguage\":\"pt-BR\",\"@id\":\"https:\/\/loja.emmersonstudio.com.br\/home\/produto\/guia-comercial-moderno-cod-3251\/#primaryimage\",\"url\":\"https:\/\/loja.emmersonstudio.com.br\/home\/wp-content\/uploads\/2024\/11\/guia-comercial-1.jpg\",\"contentUrl\":\"https:\/\/loja.emmersonstudio.com.br\/home\/wp-content\/uploads\/2024\/11\/guia-comercial-1.jpg\",\"width\":800,\"height\":699},{\"@type\":\"BreadcrumbList\",\"@id\":\"https:\/\/loja.emmersonstudio.com.br\/home\/produto\/guia-comercial-moderno-cod-3251\/#breadcrumb\",\"itemListElement\":[{\"@type\":\"ListItem\",\"position\":1,\"name\":\"Home\",\"item\":\"https:\/\/loja.emmersonstudio.com.br\/home\/\"},{\"@type\":\"ListItem\",\"position\":2,\"name\":\"Loja\",\"item\":\"https:\/\/loja.emmersonstudio.com.br\/home\/loja\/\"},{\"@type\":\"ListItem\",\"position\":3,\"name\":\"Guia Comercial Moderno &#8211; COD-3251\"}]},{\"@type\":\"WebSite\",\"@id\":\"https:\/\/loja.emmersonstudio.com.br\/home\/#website\",\"url\":\"https:\/\/loja.emmersonstudio.com.br\/home\/\",\"name\":\"LOJA DOS SCRIPTS\",\"description\":\"\",\"publisher\":{\"@id\":\"https:\/\/loja.emmersonstudio.com.br\/home\/#\/schema\/person\/e7a723a212fc0c6c60a0734892d60ac1\"},\"potentialAction\":[{\"@type\":\"SearchAction\",\"target\":{\"@type\":\"EntryPoint\",\"urlTemplate\":\"https:\/\/loja.emmersonstudio.com.br\/home\/?s={search_term_string}\"},\"query-input\":{\"@type\":\"PropertyValueSpecification\",\"valueRequired\":true,\"valueName\":\"search_term_string\"}}],\"inLanguage\":\"pt-BR\"},{\"@type\":[\"Person\",\"Organization\"],\"@id\":\"https:\/\/loja.emmersonstudio.com.br\/home\/#\/schema\/person\/e7a723a212fc0c6c60a0734892d60ac1\",\"name\":\"admin\",\"image\":{\"@type\":\"ImageObject\",\"inLanguage\":\"pt-BR\",\"@id\":\"https:\/\/loja.emmersonstudio.com.br\/home\/#\/schema\/person\/image\/\",\"url\":\"https:\/\/loja.emmersonstudio.com.br\/home\/wp-content\/uploads\/2023\/10\/Design-sem-nome-2.png\",\"contentUrl\":\"https:\/\/loja.emmersonstudio.com.br\/home\/wp-content\/uploads\/2023\/10\/Design-sem-nome-2.png\",\"width\":512,\"height\":250,\"caption\":\"admin\"},\"logo\":{\"@id\":\"https:\/\/loja.emmersonstudio.com.br\/home\/#\/schema\/person\/image\/\"},\"sameAs\":[\"https:\/\/loja.emmersonstudio.com.br\/home\"]}]}<\/script>\n<!-- \/ Yoast SEO Premium plugin. -->","yoast_head_json":{"title":"Guia Comercial Moderno - COD-3251 - Produtos Digitais","robots":{"index":"index","follow":"follow","max-snippet":"max-snippet:-1","max-image-preview":"max-image-preview:large","max-video-preview":"max-video-preview:-1"},"canonical":"https:\/\/loja.emmersonstudio.com.br\/home\/produto\/guia-comercial-moderno-cod-3251\/","og_locale":"pt_BR","og_type":"article","og_title":"Guia Comercial Moderno - COD-3251","og_description":"Sistema Guia Comercial Responsivo Atualizado 2023 Totalmente responsivo, compat\u00edvel com Computadores, Tablets e Celulares.  Acompanha V\u00eddeo Aula\u00a0 de instala\u00e7\u00e3o .  Se voc\u00ea tem esp\u00edrito empreendedor ou sonha em ter seu pr\u00f3prio neg\u00f3cio e n\u00e3o tem muito para investir, nosso Script Guia Comercial Responsivo\u00a0pode ser uma boa oportunidade para come\u00e7ar!  Sistema desenvolvido em WordPress e total flexibilidade de personaliza\u00e7\u00e3o de cores, categorias, localiza\u00e7\u00f5es e muitos mais\u2026 E agora com integra\u00e7\u00e3o ao Mercado Pago!  VER VIDEO","og_url":"https:\/\/loja.emmersonstudio.com.br\/home\/produto\/guia-comercial-moderno-cod-3251\/","og_site_name":"Produtos Digitais","twitter_card":"summary_large_image","twitter_misc":{"Est. tempo de leitura":"1 minuto"},"schema":{"@context":"https:\/\/schema.org","@graph":[{"@type":"WebPage","@id":"https:\/\/loja.emmersonstudio.com.br\/home\/produto\/guia-comercial-moderno-cod-3251\/","url":"https:\/\/loja.emmersonstudio.com.br\/home\/produto\/guia-comercial-moderno-cod-3251\/","name":"Guia Comercial Moderno - COD-3251 - Produtos Digitais","isPartOf":{"@id":"https:\/\/loja.emmersonstudio.com.br\/home\/#website"},"primaryImageOfPage":{"@id":"https:\/\/loja.emmersonstudio.com.br\/home\/produto\/guia-comercial-moderno-cod-3251\/#primaryimage"},"image":{"@id":"https:\/\/loja.emmersonstudio.com.br\/home\/produto\/guia-comercial-moderno-cod-3251\/#primaryimage"},"thumbnailUrl":"https:\/\/loja.emmersonstudio.com.br\/home\/wp-content\/uploads\/2024\/11\/guia-comercial-1.jpg","datePublished":"2025-01-17T12:26:33+00:00","dateModified":"2025-01-17T12:26:33+00:00","breadcrumb":{"@id":"https:\/\/loja.emmersonstudio.com.br\/home\/produto\/guia-comercial-moderno-cod-3251\/#breadcrumb"},"inLanguage":"pt-BR","potentialAction":[{"@type":"ReadAction","target":["https:\/\/loja.emmersonstudio.com.br\/home\/produto\/guia-comercial-moderno-cod-3251\/"]}]},{"@type":"ImageObject","inLanguage":"pt-BR","@id":"https:\/\/loja.emmersonstudio.com.br\/home\/produto\/guia-comercial-moderno-cod-3251\/#primaryimage","url":"https:\/\/loja.emmersonstudio.com.br\/home\/wp-content\/uploads\/2024\/11\/guia-comercial-1.jpg","contentUrl":"https:\/\/loja.emmersonstudio.com.br\/home\/wp-content\/uploads\/2024\/11\/guia-comercial-1.jpg","width":800,"height":699},{"@type":"BreadcrumbList","@id":"https:\/\/loja.emmersonstudio.com.br\/home\/produto\/guia-comercial-moderno-cod-3251\/#breadcrumb","itemListElement":[{"@type":"ListItem","position":1,"name":"Home","item":"https:\/\/loja.emmersonstudio.com.br\/home\/"},{"@type":"ListItem","position":2,"name":"Loja","item":"https:\/\/loja.emmersonstudio.com.br\/home\/loja\/"},{"@type":"ListItem","position":3,"name":"Guia Comercial Moderno &#8211; COD-3251"}]},{"@type":"WebSite","@id":"https:\/\/loja.emmersonstudio.com.br\/home\/#website","url":"https:\/\/loja.emmersonstudio.com.br\/home\/","name":"LOJA DOS SCRIPTS","description":"","publisher":{"@id":"https:\/\/loja.emmersonstudio.com.br\/home\/#\/schema\/person\/e7a723a212fc0c6c60a0734892d60ac1"},"potentialAction":[{"@type":"SearchAction","target":{"@type":"EntryPoint","urlTemplate":"https:\/\/loja.emmersonstudio.com.br\/home\/?s={search_term_string}"},"query-input":{"@type":"PropertyValueSpecification","valueRequired":true,"valueName":"search_term_string"}}],"inLanguage":"pt-BR"},{"@type":["Person","Organization"],"@id":"https:\/\/loja.emmersonstudio.com.br\/home\/#\/schema\/person\/e7a723a212fc0c6c60a0734892d60ac1","name":"admin","image":{"@type":"ImageObject","inLanguage":"pt-BR","@id":"https:\/\/loja.emmersonstudio.com.br\/home\/#\/schema\/person\/image\/","url":"https:\/\/loja.emmersonstudio.com.br\/home\/wp-content\/uploads\/2023\/10\/Design-sem-nome-2.png","contentUrl":"https:\/\/loja.emmersonstudio.com.br\/home\/wp-content\/uploads\/2023\/10\/Design-sem-nome-2.png","width":512,"height":250,"caption":"admin"},"logo":{"@id":"https:\/\/loja.emmersonstudio.com.br\/home\/#\/schema\/person\/image\/"},"sameAs":["https:\/\/loja.emmersonstudio.com.br\/home"]}]}},"_links":{"self":[{"href":"https:\/\/loja.emmersonstudio.com.br\/home\/wp-json\/wp\/v2\/product\/3293","targetHints":{"allow":["GET"]}}],"collection":[{"href":"https:\/\/loja.emmersonstudio.com.br\/home\/wp-json\/wp\/v2\/product"}],"about":[{"href":"https:\/\/loja.emmersonstudio.com.br\/home\/wp-json\/wp\/v2\/types\/product"}],"wp:featuredmedia":[{"embeddable":true,"href":"https:\/\/loja.emmersonstudio.com.br\/home\/wp-json\/wp\/v2\/media\/2628"}],"wp:attachment":[{"href":"https:\/\/loja.emmersonstudio.com.br\/home\/wp-json\/wp\/v2\/media?parent=3293"}],"wp:term":[{"taxonomy":"product_cat","embeddable":true,"href":"https:\/\/loja.emmersonstudio.com.br\/home\/wp-json\/wp\/v2\/product_cat?post=3293"},{"taxonomy":"product_tag","embeddable":true,"href":"https:\/\/loja.emmersonstudio.com.br\/home\/wp-json\/wp\/v2\/product_tag?post=3293"}],"curies":[{"name":"wp","href":"https:\/\/api.w.org\/{rel}","templated":true}]}}