{"id":3291,"date":"2025-01-17T12:26:31","date_gmt":"2025-01-17T12:26:31","guid":{"rendered":"https:\/\/loja.emmersonstudio.com.br\/home\/produto\/o-eletricista-cod-6568\/"},"modified":"2025-01-17T12:26:32","modified_gmt":"2025-01-17T12:26:32","slug":"o-eletricista-cod-6568","status":"publish","type":"product","link":"https:\/\/loja.emmersonstudio.com.br\/home\/produto\/o-eletricista-cod-6568\/","title":{"rendered":"O ELETRICISTA &#8211; COD-6568"},"content":{"rendered":"<p>O Eletricista \u00e9 uma solu\u00e7\u00e3o perfeita para criar um <a href=\"https:\/\/scriptstore.com.br\/\" target=\"_blank\" rel=\"noopener\">site profissional<\/a> para servi\u00e7os de renova\u00e7\u00e3o, como <strong>encanamento, carpintaria, reparo dom\u00e9stico, instala\u00e7\u00e3o de janelas e portas, aquecimento, ar condicionado e servi\u00e7os de sistema solar <\/strong>e outros <a href=\"https:\/\/scriptstore.com.br\/categoria-produtos\/servicos-3\/\">servi\u00e7os<\/a> relacionados<\/p>\n","protected":false},"excerpt":{"rendered":"<p>O Eletricista \u00e9 uma solu\u00e7\u00e3o perfeita para criar um site profissional para servi\u00e7os de renova\u00e7\u00e3o, como <strong>encanamento, carpintaria, reparo dom\u00e9stico, instala\u00e7\u00e3o de janelas e portas, aquecimento, ar condicionado e servi\u00e7os de sistema solar <\/strong>e outros servi\u00e7os relacionados<\/p>\n<ul>\n<li>Servi\u00e7o \u2013 Encanamento, Eletricista, Carpintaria, Reparo e Manuten\u00e7\u00e3o Dom\u00e9stica, Controle de Pragas, Solar, Encanador, Pintura, Telhado<\/li>\n<li>Ag\u00eancias \u2013 Limpeza, Decora\u00e7\u00e3o, Mudan\u00e7as<\/li>\n<li>Neg\u00f3cios &#8211; Constru\u00e7\u00e3o, Manuten\u00e7\u00e3o, Pisos, Telhados, Reformas, Divis\u00f3rias e Tetos<\/li>\n<\/ul>\n<p>Basta um pouco de conhecimento para que voc\u00ea modifique seu script e torne ele com a fun\u00e7\u00e3o desejada, tudo bem f\u00e1cil e bem simples.<\/p>\n<p><a href=\"https:\/\/lojavendas.tk\/variados\/COD6568\/\" target=\"_blank\" rel=\"noopener\"><img decoding=\"async\" class=\"size-full wp-image-7237 aligncenter\" src=\"https:\/\/scriptstore.com.br\/wp-content\/uploads\/2022\/05\/btn-demo.png\" alt=\"\" width=\"196\" height=\"81\" \/><\/a><\/p>\n","protected":false},"featured_media":2624,"template":"","meta":{"om_disable_all_campaigns":false,"_monsterinsights_skip_tracking":false,"_monsterinsights_sitenote_active":false,"_monsterinsights_sitenote_note":"","_monsterinsights_sitenote_category":0,"_joinchat":[]},"product_cat":[136,151],"product_tag":[],"class_list":{"0":"post-3291","1":"product","2":"type-product","3":"status-publish","4":"has-post-thumbnail","6":"product_cat-todos-produtos","7":"product_cat-variados","9":"first","10":"instock","11":"taxable","12":"shipping-taxable","13":"purchasable","14":"product-type-simple"},"aioseo_notices":[],"yoast_head":"<!-- This site is optimized with the Yoast SEO Premium plugin v23.7 (Yoast SEO v23.6) - https:\/\/yoast.com\/wordpress\/plugins\/seo\/ -->\n<title>O ELETRICISTA - COD-6568 - Produtos Digitais<\/title>\n<meta name=\"robots\" content=\"index, follow, max-snippet:-1, max-image-preview:large, max-video-preview:-1\" \/>\n<link rel=\"canonical\" href=\"https:\/\/loja.emmersonstudio.com.br\/home\/produto\/o-eletricista-cod-6568\/\" \/>\n<meta property=\"og:locale\" content=\"pt_BR\" \/>\n<meta property=\"og:type\" content=\"article\" \/>\n<meta property=\"og:title\" content=\"O ELETRICISTA - COD-6568\" \/>\n<meta property=\"og:description\" content=\"O Eletricista \u00e9 uma solu\u00e7\u00e3o perfeita para criar um site profissional para servi\u00e7os de renova\u00e7\u00e3o, como encanamento, carpintaria, reparo dom\u00e9stico, instala\u00e7\u00e3o de janelas e portas, aquecimento, ar condicionado e servi\u00e7os de sistema solar e outros servi\u00e7os relacionados   Servi\u00e7o \u2013 Encanamento, Eletricista, Carpintaria, Reparo e Manuten\u00e7\u00e3o Dom\u00e9stica, Controle de Pragas, Solar, Encanador, Pintura, Telhado  Ag\u00eancias \u2013 Limpeza, Decora\u00e7\u00e3o, Mudan\u00e7as  Neg\u00f3cios - Constru\u00e7\u00e3o, Manuten\u00e7\u00e3o, Pisos, Telhados, Reformas, Divis\u00f3rias e Tetos  Basta um pouco de conhecimento para que voc\u00ea modifique seu script e torne ele com a fun\u00e7\u00e3o desejada, tudo bem f\u00e1cil e bem simples.\" \/>\n<meta property=\"og:url\" content=\"https:\/\/loja.emmersonstudio.com.br\/home\/produto\/o-eletricista-cod-6568\/\" \/>\n<meta property=\"og:site_name\" content=\"Produtos Digitais\" \/>\n<meta property=\"article:modified_time\" content=\"2025-01-17T12:26:32+00:00\" \/>\n<meta name=\"twitter:card\" content=\"summary_large_image\" \/>\n<script type=\"application\/ld+json\" class=\"yoast-schema-graph\">{\"@context\":\"https:\/\/schema.org\",\"@graph\":[{\"@type\":\"WebPage\",\"@id\":\"https:\/\/loja.emmersonstudio.com.br\/home\/produto\/o-eletricista-cod-6568\/\",\"url\":\"https:\/\/loja.emmersonstudio.com.br\/home\/produto\/o-eletricista-cod-6568\/\",\"name\":\"O ELETRICISTA - COD-6568 - Produtos Digitais\",\"isPartOf\":{\"@id\":\"https:\/\/loja.emmersonstudio.com.br\/home\/#website\"},\"primaryImageOfPage\":{\"@id\":\"https:\/\/loja.emmersonstudio.com.br\/home\/produto\/o-eletricista-cod-6568\/#primaryimage\"},\"image\":{\"@id\":\"https:\/\/loja.emmersonstudio.com.br\/home\/produto\/o-eletricista-cod-6568\/#primaryimage\"},\"thumbnailUrl\":\"https:\/\/loja.emmersonstudio.com.br\/home\/wp-content\/uploads\/2024\/11\/eletricista.jpg\",\"datePublished\":\"2025-01-17T12:26:31+00:00\",\"dateModified\":\"2025-01-17T12:26:32+00:00\",\"breadcrumb\":{\"@id\":\"https:\/\/loja.emmersonstudio.com.br\/home\/produto\/o-eletricista-cod-6568\/#breadcrumb\"},\"inLanguage\":\"pt-BR\",\"potentialAction\":[{\"@type\":\"ReadAction\",\"target\":[\"https:\/\/loja.emmersonstudio.com.br\/home\/produto\/o-eletricista-cod-6568\/\"]}]},{\"@type\":\"ImageObject\",\"inLanguage\":\"pt-BR\",\"@id\":\"https:\/\/loja.emmersonstudio.com.br\/home\/produto\/o-eletricista-cod-6568\/#primaryimage\",\"url\":\"https:\/\/loja.emmersonstudio.com.br\/home\/wp-content\/uploads\/2024\/11\/eletricista.jpg\",\"contentUrl\":\"https:\/\/loja.emmersonstudio.com.br\/home\/wp-content\/uploads\/2024\/11\/eletricista.jpg\",\"width\":800,\"height\":699},{\"@type\":\"BreadcrumbList\",\"@id\":\"https:\/\/loja.emmersonstudio.com.br\/home\/produto\/o-eletricista-cod-6568\/#breadcrumb\",\"itemListElement\":[{\"@type\":\"ListItem\",\"position\":1,\"name\":\"Home\",\"item\":\"https:\/\/loja.emmersonstudio.com.br\/home\/\"},{\"@type\":\"ListItem\",\"position\":2,\"name\":\"Loja\",\"item\":\"https:\/\/loja.emmersonstudio.com.br\/home\/loja\/\"},{\"@type\":\"ListItem\",\"position\":3,\"name\":\"O ELETRICISTA &#8211; COD-6568\"}]},{\"@type\":\"WebSite\",\"@id\":\"https:\/\/loja.emmersonstudio.com.br\/home\/#website\",\"url\":\"https:\/\/loja.emmersonstudio.com.br\/home\/\",\"name\":\"LOJA DOS SCRIPTS\",\"description\":\"\",\"publisher\":{\"@id\":\"https:\/\/loja.emmersonstudio.com.br\/home\/#\/schema\/person\/e7a723a212fc0c6c60a0734892d60ac1\"},\"potentialAction\":[{\"@type\":\"SearchAction\",\"target\":{\"@type\":\"EntryPoint\",\"urlTemplate\":\"https:\/\/loja.emmersonstudio.com.br\/home\/?s={search_term_string}\"},\"query-input\":{\"@type\":\"PropertyValueSpecification\",\"valueRequired\":true,\"valueName\":\"search_term_string\"}}],\"inLanguage\":\"pt-BR\"},{\"@type\":[\"Person\",\"Organization\"],\"@id\":\"https:\/\/loja.emmersonstudio.com.br\/home\/#\/schema\/person\/e7a723a212fc0c6c60a0734892d60ac1\",\"name\":\"admin\",\"image\":{\"@type\":\"ImageObject\",\"inLanguage\":\"pt-BR\",\"@id\":\"https:\/\/loja.emmersonstudio.com.br\/home\/#\/schema\/person\/image\/\",\"url\":\"https:\/\/loja.emmersonstudio.com.br\/home\/wp-content\/uploads\/2023\/10\/Design-sem-nome-2.png\",\"contentUrl\":\"https:\/\/loja.emmersonstudio.com.br\/home\/wp-content\/uploads\/2023\/10\/Design-sem-nome-2.png\",\"width\":512,\"height\":250,\"caption\":\"admin\"},\"logo\":{\"@id\":\"https:\/\/loja.emmersonstudio.com.br\/home\/#\/schema\/person\/image\/\"},\"sameAs\":[\"https:\/\/loja.emmersonstudio.com.br\/home\"]}]}<\/script>\n<!-- \/ Yoast SEO Premium plugin. -->","yoast_head_json":{"title":"O ELETRICISTA - COD-6568 - Produtos Digitais","robots":{"index":"index","follow":"follow","max-snippet":"max-snippet:-1","max-image-preview":"max-image-preview:large","max-video-preview":"max-video-preview:-1"},"canonical":"https:\/\/loja.emmersonstudio.com.br\/home\/produto\/o-eletricista-cod-6568\/","og_locale":"pt_BR","og_type":"article","og_title":"O ELETRICISTA - COD-6568","og_description":"O Eletricista \u00e9 uma solu\u00e7\u00e3o perfeita para criar um site profissional para servi\u00e7os de renova\u00e7\u00e3o, como encanamento, carpintaria, reparo dom\u00e9stico, instala\u00e7\u00e3o de janelas e portas, aquecimento, ar condicionado e servi\u00e7os de sistema solar e outros servi\u00e7os relacionados   Servi\u00e7o \u2013 Encanamento, Eletricista, Carpintaria, Reparo e Manuten\u00e7\u00e3o Dom\u00e9stica, Controle de Pragas, Solar, Encanador, Pintura, Telhado  Ag\u00eancias \u2013 Limpeza, Decora\u00e7\u00e3o, Mudan\u00e7as  Neg\u00f3cios - Constru\u00e7\u00e3o, Manuten\u00e7\u00e3o, Pisos, Telhados, Reformas, Divis\u00f3rias e Tetos  Basta um pouco de conhecimento para que voc\u00ea modifique seu script e torne ele com a fun\u00e7\u00e3o desejada, tudo bem f\u00e1cil e bem simples.","og_url":"https:\/\/loja.emmersonstudio.com.br\/home\/produto\/o-eletricista-cod-6568\/","og_site_name":"Produtos Digitais","article_modified_time":"2025-01-17T12:26:32+00:00","twitter_card":"summary_large_image","schema":{"@context":"https:\/\/schema.org","@graph":[{"@type":"WebPage","@id":"https:\/\/loja.emmersonstudio.com.br\/home\/produto\/o-eletricista-cod-6568\/","url":"https:\/\/loja.emmersonstudio.com.br\/home\/produto\/o-eletricista-cod-6568\/","name":"O ELETRICISTA - COD-6568 - Produtos Digitais","isPartOf":{"@id":"https:\/\/loja.emmersonstudio.com.br\/home\/#website"},"primaryImageOfPage":{"@id":"https:\/\/loja.emmersonstudio.com.br\/home\/produto\/o-eletricista-cod-6568\/#primaryimage"},"image":{"@id":"https:\/\/loja.emmersonstudio.com.br\/home\/produto\/o-eletricista-cod-6568\/#primaryimage"},"thumbnailUrl":"https:\/\/loja.emmersonstudio.com.br\/home\/wp-content\/uploads\/2024\/11\/eletricista.jpg","datePublished":"2025-01-17T12:26:31+00:00","dateModified":"2025-01-17T12:26:32+00:00","breadcrumb":{"@id":"https:\/\/loja.emmersonstudio.com.br\/home\/produto\/o-eletricista-cod-6568\/#breadcrumb"},"inLanguage":"pt-BR","potentialAction":[{"@type":"ReadAction","target":["https:\/\/loja.emmersonstudio.com.br\/home\/produto\/o-eletricista-cod-6568\/"]}]},{"@type":"ImageObject","inLanguage":"pt-BR","@id":"https:\/\/loja.emmersonstudio.com.br\/home\/produto\/o-eletricista-cod-6568\/#primaryimage","url":"https:\/\/loja.emmersonstudio.com.br\/home\/wp-content\/uploads\/2024\/11\/eletricista.jpg","contentUrl":"https:\/\/loja.emmersonstudio.com.br\/home\/wp-content\/uploads\/2024\/11\/eletricista.jpg","width":800,"height":699},{"@type":"BreadcrumbList","@id":"https:\/\/loja.emmersonstudio.com.br\/home\/produto\/o-eletricista-cod-6568\/#breadcrumb","itemListElement":[{"@type":"ListItem","position":1,"name":"Home","item":"https:\/\/loja.emmersonstudio.com.br\/home\/"},{"@type":"ListItem","position":2,"name":"Loja","item":"https:\/\/loja.emmersonstudio.com.br\/home\/loja\/"},{"@type":"ListItem","position":3,"name":"O ELETRICISTA &#8211; COD-6568"}]},{"@type":"WebSite","@id":"https:\/\/loja.emmersonstudio.com.br\/home\/#website","url":"https:\/\/loja.emmersonstudio.com.br\/home\/","name":"LOJA DOS SCRIPTS","description":"","publisher":{"@id":"https:\/\/loja.emmersonstudio.com.br\/home\/#\/schema\/person\/e7a723a212fc0c6c60a0734892d60ac1"},"potentialAction":[{"@type":"SearchAction","target":{"@type":"EntryPoint","urlTemplate":"https:\/\/loja.emmersonstudio.com.br\/home\/?s={search_term_string}"},"query-input":{"@type":"PropertyValueSpecification","valueRequired":true,"valueName":"search_term_string"}}],"inLanguage":"pt-BR"},{"@type":["Person","Organization"],"@id":"https:\/\/loja.emmersonstudio.com.br\/home\/#\/schema\/person\/e7a723a212fc0c6c60a0734892d60ac1","name":"admin","image":{"@type":"ImageObject","inLanguage":"pt-BR","@id":"https:\/\/loja.emmersonstudio.com.br\/home\/#\/schema\/person\/image\/","url":"https:\/\/loja.emmersonstudio.com.br\/home\/wp-content\/uploads\/2023\/10\/Design-sem-nome-2.png","contentUrl":"https:\/\/loja.emmersonstudio.com.br\/home\/wp-content\/uploads\/2023\/10\/Design-sem-nome-2.png","width":512,"height":250,"caption":"admin"},"logo":{"@id":"https:\/\/loja.emmersonstudio.com.br\/home\/#\/schema\/person\/image\/"},"sameAs":["https:\/\/loja.emmersonstudio.com.br\/home"]}]}},"_links":{"self":[{"href":"https:\/\/loja.emmersonstudio.com.br\/home\/wp-json\/wp\/v2\/product\/3291","targetHints":{"allow":["GET"]}}],"collection":[{"href":"https:\/\/loja.emmersonstudio.com.br\/home\/wp-json\/wp\/v2\/product"}],"about":[{"href":"https:\/\/loja.emmersonstudio.com.br\/home\/wp-json\/wp\/v2\/types\/product"}],"wp:featuredmedia":[{"embeddable":true,"href":"https:\/\/loja.emmersonstudio.com.br\/home\/wp-json\/wp\/v2\/media\/2624"}],"wp:attachment":[{"href":"https:\/\/loja.emmersonstudio.com.br\/home\/wp-json\/wp\/v2\/media?parent=3291"}],"wp:term":[{"taxonomy":"product_cat","embeddable":true,"href":"https:\/\/loja.emmersonstudio.com.br\/home\/wp-json\/wp\/v2\/product_cat?post=3291"},{"taxonomy":"product_tag","embeddable":true,"href":"https:\/\/loja.emmersonstudio.com.br\/home\/wp-json\/wp\/v2\/product_tag?post=3291"}],"curies":[{"name":"wp","href":"https:\/\/api.w.org\/{rel}","templated":true}]}}